{"id":9909,"date":"2025-04-18T13:42:52","date_gmt":"2025-04-18T13:42:52","guid":{"rendered":"http:\/\/viphomecentral.com\/?post_type=product&#038;p=9909"},"modified":"2025-04-18T13:44:28","modified_gmt":"2025-04-18T13:44:28","slug":"garderobe-korredor-me-melamine-ne-ngjyre-wenge-120x60x220cm","status":"publish","type":"product","link":"https:\/\/viphomecentral.com\/?product=garderobe-korredor-me-melamine-ne-ngjyre-wenge-120x60x220cm","title":{"rendered":"Garderob\u00eb Korredor, me melamine n\u00eb ngjyr\u00eb wenge 120x60x220cm"},"content":{"rendered":"<p>Garderob\u00eb rr\u00ebshqit\u00ebse Korredor me pasqyr\u00eb \u2013 Organizimi dhe stili n\u00eb nj\u00eb!<\/p>\n<p>N\u00ebse jeni duke k\u00ebrkuar p\u00ebr nj\u00eb gard\u00ebrob\u00eb p\u00ebr t\u00eb organizuar rrobat dhe sendet tuaja personale duke maksimizuar \u00e7do centimet\u00ebr t\u00eb hap\u00ebsir\u00ebs suaj, Korredor \u00ebsht\u00eb p\u00ebr ju. Me dizajnin e tij modern dhe t\u00eb p\u00ebrjetsh\u00ebm, ai do t\u00eb p\u00ebrmir\u00ebsoj\u00eb dhom\u00ebn tuaj t\u00eb gjumit dhe do ta b\u00ebj\u00eb m\u00eb t\u00eb leht\u00eb rutin\u00ebn tuaj t\u00eb p\u00ebrditshme. Ideale p\u00ebr dhom\u00ebn e gjumit, konviktin e student\u00ebve ose dhom\u00ebn e adoleshent\u00ebve.  <\/p>\n<h3>Specifikimet teknike:<\/h3>\n<ul>\n<li>Nd\u00ebrtimi: B\u00ebr\u00eb nga kartoni me cil\u00ebsi t\u00eb lart\u00eb me nj\u00eb p\u00ebrfundim melamine, duke ofruar q\u00ebndrueshm\u00ebri ndaj konsumit dhe koh\u00ebs.<\/li>\n<li>Pasqyr\u00eb: Ka nj\u00eb pasqyr\u00eb t\u00eb madhe.<\/li>\n<li>Magazinimi: I pajisur me gjasht\u00eb rafte dhe nj\u00eb hekurudh\u00eb t\u00eb varur p\u00ebr t\u00eb optimizuar organizimin e artikujve tuaj.<\/li>\n<li>Ngjyra: E disponueshme n\u00eb ngjyr\u00ebn wenge.<\/li>\n<\/ul>\n<h3>Dimensionet e produktit:<\/h3>\n<ul>\n<li>Gjat\u00ebsia: 120 cm<\/li>\n<li>Gjer\u00ebsia: 60 cm<\/li>\n<li>Lart\u00ebsia: 220 cm<\/li>\n<\/ul>\n<h3>Informacione p\u00ebr materialet:<\/h3>\n<ul>\n<li>Iver pllak\u00eb (Chipboard): Iver pllaka \u00ebsht\u00eb nj\u00eb material druri i p\u00ebrb\u00ebr\u00eb nga copa t\u00eb vogla druri, zakonisht pisha ose bredhi, t\u00eb lidhura s\u00eb bashku n\u00ebn presion dhe temperatur\u00eb t\u00eb lart\u00eb, duke p\u00ebrdorur rr\u00ebshir (resin). P\u00ebrdoret gjer\u00ebsisht n\u00eb prodhimin e mobiljeve, sip\u00ebrfaqet e brendshme dhe aplikimet strukturore. E b\u00ebr\u00eb nga mbetjet drusore, ajo \u00ebsht\u00eb rezistente ndaj deformimit, g\u00ebrryerjes dhe shkaqeve t\u00eb tjera fizike.  <\/li>\n<li>Melamine (LPB): Melamine me presion t\u00eb ul\u00ebt (LPB) \u00ebsht\u00eb nj\u00eb material sintetik q\u00eb p\u00ebrdoret gjer\u00ebsisht p\u00ebr trajtimin sip\u00ebrfaq\u00ebsor t\u00eb iver pllak\u00ebs (Chipboard) n\u00eb mobilje dhe sip\u00ebrfaqe p\u00ebr shkak t\u00eb q\u00ebndrueshm\u00ebris\u00eb dhe leht\u00ebsis\u00eb s\u00eb mir\u00ebmbajtjes. Ai aplikohet n\u00eb substrate si MDF (derras\u00eb me fibra me dend\u00ebsi t\u00eb mesme) ose kompensat\u00eb (Shperpllak) OSB p\u00ebr t\u00eb prodhuar sip\u00ebrfaqe t\u00eb q\u00ebndrueshme. <\/li>\n<\/ul>\n<h3>Udh\u00ebzimet e kujdesit:<\/h3>\n<ul>\n<li>Iver pllak\u00eb (Chipboard): P\u00ebr t\u00eb pastruar chipboard-in, mund t\u00eb p\u00ebrdorni nj\u00eb leck\u00eb t\u00eb but\u00eb pak t\u00eb lagur me uj\u00eb dhe detergjent t\u00eb but\u00eb. Shmangni p\u00ebrdorimin e tep\u00ebrt t\u00eb ujit dhe sigurohuni q\u00eb sip\u00ebrfaqja t\u00eb jet\u00eb e that\u00eb pas pastrimit. <\/li>\n<li>Melamine (LPB): P\u00ebr t\u00eb hequr njollat, p\u00ebrdorni nj\u00eb leck\u00eb t\u00eb but\u00eb me uj\u00eb t\u00eb vak\u00ebt dhe sapun t\u00eb but\u00eb. Fshijeni but\u00ebsisht sip\u00ebrfaqen derisa t\u00eb hiqet njolla. Melamina \u00ebsht\u00eb e ndjeshme ndaj lag\u00ebshtir\u00ebs, \u200b\u200bndaj \u00ebsht\u00eb e r\u00ebnd\u00ebsishme ta mbroni at\u00eb nga uji.  <\/li>\n<\/ul>\n<h3>Sh\u00ebnimet:<\/h3>\n<ul>\n<li>Produkti dor\u00ebzohet i pambledhur, n\u00eb paketimin e fabrik\u00ebs, me udh\u00ebzime t\u00eb detajuara t\u00eb montimit.<\/li>\n<li>Ngjyra e produktit mund t\u00eb ndryshoj\u00eb pak nga imazhi i shfaqur n\u00eb ekranin tuaj.<\/li>\n<\/ul>\n","protected":false},"excerpt":{"rendered":"<p>5207351268294<\/p>\n","protected":false},"featured_media":10079,"comment_status":"open","ping_status":"closed","template":"","meta":[],"product_cat":[116],"product_tag":[],"class_list":{"0":"post-9909","1":"product","2":"type-product","3":"status-publish","4":"has-post-thumbnail","6":"product_cat-garderoba","8":"first","9":"instock","10":"purchasable","11":"product-type-simple","12":"col-xs-6 col-sm-4","13":"col-md-3 col-lg-3","14":"un-4-cols"},"_links":{"self":[{"href":"https:\/\/viphomecentral.com\/index.php?rest_route=\/wp\/v2\/product\/9909","targetHints":{"allow":["GET"]}}],"collection":[{"href":"https:\/\/viphomecentral.com\/index.php?rest_route=\/wp\/v2\/product"}],"about":[{"href":"https:\/\/viphomecentral.com\/index.php?rest_route=\/wp\/v2\/types\/product"}],"replies":[{"embeddable":true,"href":"https:\/\/viphomecentral.com\/index.php?rest_route=%2Fwp%2Fv2%2Fcomments&post=9909"}],"wp:featuredmedia":[{"embeddable":true,"href":"https:\/\/viphomecentral.com\/index.php?rest_route=\/wp\/v2\/media\/10079"}],"wp:attachment":[{"href":"https:\/\/viphomecentral.com\/index.php?rest_route=%2Fwp%2Fv2%2Fmedia&parent=9909"}],"wp:term":[{"taxonomy":"product_cat","embeddable":true,"href":"https:\/\/viphomecentral.com\/index.php?rest_route=%2Fwp%2Fv2%2Fproduct_cat&post=9909"},{"taxonomy":"product_tag","embeddable":true,"href":"https:\/\/viphomecentral.com\/index.php?rest_route=%2Fwp%2Fv2%2Fproduct_tag&post=9909"}],"curies":[{"name":"wp","href":"https:\/\/api.w.org\/{rel}","templated":true}]}}