{"id":69188,"date":"2025-04-23T08:52:07","date_gmt":"2025-04-23T08:52:07","guid":{"rendered":"http:\/\/viphomecentral.com\/?product=chair-bella-pakoworld-antracite-fabric-natural-metal-leg-43x52x88cm"},"modified":"2025-07-04T09:16:30","modified_gmt":"2025-07-04T09:16:30","slug":"chair-bella-pakoworld-antracite-fabric-natural-metal-leg-43x52x88cm","status":"publish","type":"product","link":"https:\/\/viphomecentral.com\/?product=chair-bella-pakoworld-antracite-fabric-natural-metal-leg-43x52x88cm","title":{"rendered":"Chair Bella pakoworld antracite fabric-natural metal leg 43x52x88cm"},"content":{"rendered":"<p>For those of you who are looking for a combined seat with an impressive design that can stand harmoniously in any area of your home or office, the Bella chair is your choice.Specifications:\tSingle back and seat, made of reinforced metal frame with excellent resistance to wear and time.\tLining with high quality and durable fabric.\tOffered in anthracite-natural color.\tCurved back design follows the spine, supporting the waist.\tThe support is carried out on four reinforced metal legs of great durability, natural color.\tThe ends of the support legs have plastic covers to protect the floor from unwanted damage.Product dimensions:\tLength: 43 cm.\tWidth: 52 cm.\tHeight: 88 cm.\tSeat height: 46 cm.\tSeat depth: 44 cm.\tBack height: 44 cm\tEndurance weight: 120 kg.\u00d0\u00eb\u00e7\u00f1\u00ef\u00f6\u00ef\u00f1\u00df\u00e5\u00f2 \u00f5\u00eb\u00e9\u00ea\u00fe\u00ed:\t\u00be\u00f6\u00e1\u00f3\u00ec\u00e1: \u00d4\u00ef \u00fd\u00f6\u00e1\u00f3\u00ec\u00e1 \u00e5\u00df\u00ed\u00e1\u00e9 \u00dd\u00ed\u00e1 \u00e5\u00f5\u00dd\u00eb\u00e9\u00ea\u00f4\u00ef \u00f5\u00eb\u00e9\u00ea\u00fc \u00f0\u00ef\u00f5 \u00ea\u00e1\u00f4\u00e1\u00f3\u00ea\u00e5\u00f5\u00dc\u00e6\u00e5\u00f4\u00e1\u00e9 \u00e1\u00f0\u00fc \u00f4\u00e7\u00ed \u00fd\u00f6\u00e1\u00ed\u00f3\u00e7, \u00f0\u00eb\u00dd\u00ee\u00e9\u00ec\u00ef, \u00e2\u00e5\u00eb\u00ef\u00ed\u00e9\u00dc \u00de \u00f3\u00f5\u00e3\u00ea\u00fc\u00eb\u00eb\u00e7\u00f3\u00e7 \u00e9\u00ed\u00fe\u00ed. \u00c1\u00f5\u00f4\u00dd\u00f2 \u00ef\u00e9 \u00df\u00ed\u00e5\u00f2 \u00ec\u00f0\u00ef\u00f1\u00e5\u00df \u00ed\u00e1 \u00e5\u00df\u00ed\u00e1\u00e9 \u00f6\u00f5\u00f3\u00e9\u00ea\u00dd\u00f2, \u00fc\u00f0\u00f9\u00f2 \u00e2\u00e1\u00ec\u00e2\u00dc\u00ea\u00e9, \u00ec\u00e1\u00eb\u00eb\u00df \u00de \u00ec\u00e5\u00f4\u00dc\u00ee\u00e9, \u00de \u00f3\u00f5\u00ed\u00e8\u00e5\u00f4\u00e9\u00ea\u00dd\u00f2, \u00fc\u00f0\u00f9\u00f2 \u00f0\u00ef\u00eb\u00f5\u00e5\u00f3\u00f4\u00dd\u00f1\u00e1\u00f2 \u00de \u00ed\u00dc\u00e9\u00eb\u00ef\u00ed. \u00c7 \u00fd\u00f6\u00e1\u00ed\u00f3\u00e7 \u00f4\u00f9\u00ed \u00e9\u00ed\u00fe\u00ed \u00e4\u00e7\u00ec\u00e9\u00ef\u00f5\u00f1\u00e3\u00e5\u00df \u00dd\u00ed\u00e1 \u00e4\u00df\u00ea\u00f4\u00f5\u00ef \u00f0\u00ef\u00f5 \u00e4\u00df\u00ed\u00e5\u00e9 \u00f3\u00f4\u00ef \u00fd\u00f6\u00e1\u00f3\u00ec\u00e1 \u00f4\u00e9\u00f2 \u00e9\u00e4\u00e9\u00fc\u00f4\u00e7\u00f4\u00dd\u00f2 \u00f4\u00ef\u00f5, \u00fc\u00f0\u00f9\u00f2 \u00e7 \u00e1\u00ed\u00f4\u00ef\u00f7\u00de, \u00e7 \u00e1\u00f0\u00e1\u00eb\u00fc\u00f4\u00e7\u00f4\u00e1, \u00e7 \u00e4\u00e9\u00e1\u00f0\u00ed\u00ef\u00de \u00ea\u00e1\u00e9 \u00e7 \u00e5\u00eb\u00e1\u00f3\u00f4\u00e9\u00ea\u00fc\u00f4\u00e7\u00f4\u00e1. \u00d5\u00f0\u00dc\u00f1\u00f7\u00ef\u00f5\u00ed \u00dc\u00f0\u00e5\u00e9\u00f1\u00e5\u00f2 \u00f0\u00ef\u00e9\u00ea\u00e9\u00eb\u00df\u00e5\u00f2 \u00f5\u00f6\u00e1\u00f3\u00ec\u00dc\u00f4\u00f9\u00ed, \u00ea\u00e1\u00e8\u00e5\u00ec\u00e9\u00dc \u00ec\u00e5 \u00f4\u00e1 \u00e4\u00e9\u00ea\u00dc \u00f4\u00e7\u00f2 \u00ec\u00ef\u00ed\u00e1\u00e4\u00e9\u00ea\u00dc \u00f7\u00e1\u00f1\u00e1\u00ea\u00f4\u00e7\u00f1\u00e9\u00f3\u00f4\u00e9\u00ea\u00dc \u00ea\u00e1\u00e9 \u00f7\u00f1\u00de\u00f3\u00e5\u00e9\u00f2.\t\u00cc\u00dd\u00f4\u00e1\u00eb\u00eb\u00ef: \u00d4\u00ef \u00ec\u00dd\u00f4\u00e1\u00eb\u00eb\u00ef \u00f7\u00f1\u00e7\u00f3\u00e9\u00ec\u00ef\u00f0\u00ef\u00e9\u00e5\u00df\u00f4\u00e1\u00e9 \u00e5\u00f5\u00f1\u00dd\u00f9\u00f2 \u00f3\u00f4\u00e7\u00ed \u00ea\u00e1\u00f4\u00e1\u00f3\u00ea\u00e5\u00f5\u00de \u00e5\u00f0\u00df\u00f0\u00eb\u00f9\u00ed, \u00f0\u00f1\u00ef\u00f3\u00f6\u00dd\u00f1\u00ef\u00ed\u00f4\u00e1\u00f2 \u00ec\u00e9\u00e1 \u00f3\u00e5\u00e9\u00f1\u00dc \u00e1\u00f0\u00fc \u00f0\u00eb\u00e5\u00ef\u00ed\u00e5\u00ea\u00f4\u00de\u00ec\u00e1\u00f4\u00e1 \u00f3\u00e5 \u00f3\u00f7\u00dd\u00f3\u00e7 \u00ec\u00e5 \u00dc\u00eb\u00eb\u00e1 \u00f5\u00eb\u00e9\u00ea\u00dc. \u00c5\u00df\u00ed\u00e1\u00e9 \u00e5\u00ee\u00e1\u00e9\u00f1\u00e5\u00f4\u00e9\u00ea\u00dc \u00e1\u00ed\u00e8\u00e5\u00ea\u00f4\u00e9\u00ea\u00fc \u00f3\u00e5 \u00f6\u00e8\u00ef\u00f1\u00dd\u00f2, \u00e9\u00e4\u00e1\u00ed\u00e9\u00ea\u00fc \u00e3\u00e9\u00e1 \u00dd\u00f0\u00e9\u00f0\u00eb\u00e1 \u00f0\u00ef\u00f5 \u00f0\u00f1\u00ef\u00ef\u00f1\u00df\u00e6\u00ef\u00ed\u00f4\u00e1\u00e9 \u00e3\u00e9\u00e1 \u00ea\u00e1\u00e8\u00e7\u00ec\u00e5\u00f1\u00e9\u00ed\u00de \u00f7\u00f1\u00de\u00f3\u00e7 \u00f3\u00e5 \u00dd\u00ed\u00e1 \u00e1\u00f0\u00e1\u00e9\u00f4\u00e7\u00f4\u00e9\u00ea\u00fc \u00f0\u00e5\u00f1\u00e9\u00e2\u00dc\u00eb\u00eb\u00ef\u00ed. \u00c4\u00e9\u00e1\u00f4\u00e7\u00f1\u00e5\u00df \u00f4\u00ef \u00f3\u00f7\u00de\u00ec\u00e1 \u00ea\u00e1\u00e9 \u00f4\u00e7 \u00e4\u00ef\u00ec\u00de \u00f4\u00ef\u00f5 \u00dc\u00f8\u00ef\u00e3\u00e1, \u00e5\u00ee\u00e1\u00f3\u00f6\u00e1\u00eb\u00df\u00e6\u00ef\u00ed\u00f4\u00e1\u00f2 \u00f3\u00f4\u00e1\u00e8\u00e5\u00f1\u00fc\u00f4\u00e7\u00f4\u00e1 \u00ea\u00e1\u00e9 \u00ec\u00e1\u00ea\u00f1\u00ef\u00e6\u00f9\u00df\u00e1 \u00f3\u00f4\u00e1 \u00dd\u00f0\u00e9\u00f0\u00eb\u00e1. \u00c5\u00ea\u00f4\u00fc\u00f2 \u00e1\u00f0\u00fc \u00f4\u00e9\u00f2 \u00e9\u00e4\u00e9\u00fc\u00f4\u00e7\u00f4\u00e5\u00f2 \u00f0\u00ef\u00f5 \u00e1\u00ed\u00e1\u00f6\u00dd\u00f1\u00e8\u00e7\u00ea\u00e1\u00ed \u00f0\u00e1\u00f1\u00e1\u00f0\u00dc\u00ed\u00f9, \u00f4\u00ef \u00ec\u00dd\u00f4\u00e1\u00eb\u00eb\u00ef \u00ec\u00f0\u00ef\u00f1\u00e5\u00df \u00ed\u00e1 \u00dd\u00f7\u00e5\u00e9 \u00ea\u00e1\u00e9 \u00dc\u00eb\u00eb\u00e1 \u00f7\u00e1\u00f1\u00e1\u00ea\u00f4\u00e7\u00f1\u00e9\u00f3\u00f4\u00e9\u00ea\u00dc, \u00fc\u00f0\u00f9\u00f2 \u00e7 \u00e1\u00ed\u00f4\u00e9\u00ec\u00e9\u00ea\u00f1\u00ef\u00e2\u00e9\u00e1\u00ea\u00de \u00e4\u00f1\u00dc\u00f3\u00e7 (\u00f7\u00e1\u00eb\u00ea\u00fc\u00f2) \u00de \u00f5\u00f0\u00e5\u00f1\u00e1\u00e3\u00f9\u00e3\u00e9\u00ec\u00fc\u00f4\u00e7\u00f4\u00e1 (\u00ec\u00ef\u00eb\u00f5\u00e2\u00e4\u00dd\u00ed\u00e9\u00ef).\u00cf\u00e4\u00e7\u00e3\u00df\u00e5\u00f2 \u00f3\u00f5\u00ed\u00f4\u00de\u00f1\u00e7\u00f3\u00e7\u00f2: \t\u00be\u00f6\u00e1\u00f3\u00ec\u00e1: \u00c7 \u00f3\u00f5\u00ed\u00f4\u00de\u00f1\u00e7\u00f3\u00e7 \u00f4\u00ef\u00f5 \u00f5\u00f6\u00dc\u00f3\u00ec\u00e1\u00f4\u00ef\u00f2 \u00e5\u00ee\u00e1\u00f1\u00f4\u00dc\u00f4\u00e1\u00e9 \u00e1\u00f0\u00fc \u00e4\u00e9\u00dc\u00f6\u00ef\u00f1\u00ef\u00f5\u00f2 \u00f0\u00e1\u00f1\u00dc\u00e3\u00ef\u00ed\u00f4\u00e5\u00f2, \u00fc\u00f0\u00f9\u00f2 \u00f4\u00ef \u00e5\u00df\u00e4\u00ef\u00f2 \u00f4\u00e7\u00f2 \u00df\u00ed\u00e1\u00f2, \u00e7 \u00ea\u00e1\u00f4\u00e1\u00f3\u00ea\u00e5\u00f5\u00de \u00f4\u00ef\u00f5 \u00f5\u00f6\u00dc\u00f3\u00ec\u00e1\u00f4\u00ef\u00f2 \u00ea\u00e1\u00e9 \u00e7 \u00f7\u00f1\u00de\u00f3\u00e7 \u00f4\u00ef\u00f5. \u00d7\u00f1\u00e7\u00f3\u00e9\u00ec\u00ef\u00f0\u00ef\u00e9\u00de\u00f3\u00f4\u00e5 \u00dd\u00ed\u00e1 \u00de\u00f0\u00e9\u00ef \u00e1\u00f0\u00ef\u00f1\u00f1\u00f5\u00f0\u00e1\u00ed\u00f4\u00e9\u00ea\u00fc \u00f0\u00ef\u00f5 \u00e5\u00df\u00ed\u00e1\u00e9 \u00ea\u00e1\u00f4\u00dc\u00eb\u00eb\u00e7\u00eb\u00ef \u00e3\u00e9\u00e1 \u00f4\u00ef\u00ed \u00f4\u00fd\u00f0\u00ef \u00f4\u00ef\u00f5 \u00f5\u00f6\u00dc\u00f3\u00ec\u00e1\u00f4\u00ef\u00f2. \u00c1\u00f0\u00ef\u00f6\u00fd\u00e3\u00e5\u00f4\u00e5 \u00f4\u00e7 \u00f7\u00f1\u00de\u00f3\u00e7 \u00f7\u00eb\u00f9\u00f1\u00df\u00ed\u00e7\u00f2 \u00de \u00eb\u00e5\u00f5\u00ea\u00e1\u00ed\u00f4\u00e9\u00ea\u00fe\u00ed, \u00ea\u00e1\u00e8\u00fe\u00f2 \u00ec\u00f0\u00ef\u00f1\u00e5\u00df \u00ed\u00e1 \u00e2\u00eb\u00dc\u00f8\u00ef\u00f5\u00ed \u00f4\u00e9\u00f2 \u00df\u00ed\u00e5\u00f2.\t\u00cc\u00dd\u00f4\u00e1\u00eb\u00eb\u00ef: \u00c5\u00dc\u00ed \u00f0\u00f1\u00fc\u00ea\u00e5\u00e9\u00f4\u00e1\u00e9 \u00e3\u00e9\u00e1 \u00ef\u00f0\u00ef\u00e9\u00ef\u00e4\u00de\u00f0\u00ef\u00f4\u00e5 \u00ec\u00dd\u00f4\u00e1\u00eb\u00eb\u00ef \u00e5\u00f3\u00f9\u00f4\u00e5\u00f1\u00e9\u00ea\u00ef\u00fd \u00f7\u00fe\u00f1\u00ef\u00f5, \u00dd\u00ed\u00e1 \u00ee\u00e5\u00f3\u00ea\u00fc\u00ed\u00e9\u00f3\u00ec\u00e1 \u00de \u00dd\u00ed\u00e1 \u00ea\u00e1\u00e8\u00dc\u00f1\u00e9\u00f3\u00ec\u00e1 \u00ec\u00e5 \u00f5\u00e3\u00f1\u00fc \u00f0\u00e1\u00ed\u00df \u00f3\u00e5 \u00f4\u00e1\u00ea\u00f4\u00dc \u00f7\u00f1\u00ef\u00ed\u00e9\u00ea\u00dc \u00e4\u00e9\u00e1\u00f3\u00f4\u00de\u00ec\u00e1\u00f4\u00e1 \u00e5\u00df\u00ed\u00e1\u00e9 \u00e7 \u00e5\u00ed\u00e4\u00e5\u00e4\u00e5\u00e9\u00e3\u00ec\u00dd\u00ed\u00e7 \u00e5\u00f0\u00e9\u00eb\u00ef\u00e3\u00de.Remarks:\tThe product is delivered unassembled in its factory packaging and is accompanied by a detailed assembly guide.\tThe color shade of the product may differ slightly from its photographic representation on your screen.<\/p>\n","protected":false},"excerpt":{"rendered":"<p>Dor\u00ebzimi 08\/06\/2025<\/p>\n","protected":false},"featured_media":69189,"comment_status":"closed","ping_status":"open","template":"","meta":[],"product_cat":[366,317],"product_tag":[],"class_list":{"0":"post-69188","1":"product","2":"type-product","3":"status-publish","4":"has-post-thumbnail","6":"product_cat-chairs-indoor-furniture","7":"product_cat-indoor-furniture","8":"pa_matriali-material-fabric-metal","9":"pa_ngjyra-color-anthracite-natural","11":"first","12":"instock","13":"purchasable","14":"product-type-simple","15":"col-xs-6 col-sm-4","16":"col-md-3 col-lg-3","17":"un-4-cols"},"_links":{"self":[{"href":"https:\/\/viphomecentral.com\/index.php?rest_route=\/wp\/v2\/product\/69188","targetHints":{"allow":["GET"]}}],"collection":[{"href":"https:\/\/viphomecentral.com\/index.php?rest_route=\/wp\/v2\/product"}],"about":[{"href":"https:\/\/viphomecentral.com\/index.php?rest_route=\/wp\/v2\/types\/product"}],"replies":[{"embeddable":true,"href":"https:\/\/viphomecentral.com\/index.php?rest_route=%2Fwp%2Fv2%2Fcomments&post=69188"}],"wp:featuredmedia":[{"embeddable":true,"href":"https:\/\/viphomecentral.com\/index.php?rest_route=\/wp\/v2\/media\/69189"}],"wp:attachment":[{"href":"https:\/\/viphomecentral.com\/index.php?rest_route=%2Fwp%2Fv2%2Fmedia&parent=69188"}],"wp:term":[{"taxonomy":"product_cat","embeddable":true,"href":"https:\/\/viphomecentral.com\/index.php?rest_route=%2Fwp%2Fv2%2Fproduct_cat&post=69188"},{"taxonomy":"product_tag","embeddable":true,"href":"https:\/\/viphomecentral.com\/index.php?rest_route=%2Fwp%2Fv2%2Fproduct_tag&post=69188"}],"curies":[{"name":"wp","href":"https:\/\/api.w.org\/{rel}","templated":true}]}}