{"id":46349,"date":"2025-04-22T01:19:41","date_gmt":"2025-04-22T01:19:41","guid":{"rendered":"http:\/\/viphomecentral.com\/?product=mattress-fix-pad-chic-strom-single-sided-18-19cm-120x200cm"},"modified":"2025-07-04T08:24:12","modified_gmt":"2025-07-04T08:24:12","slug":"mattress-fix-pad-chic-strom-single-sided-18-19cm-120x200cm","status":"publish","type":"product","link":"https:\/\/viphomecentral.com\/?product=mattress-fix-pad-chic-strom-single-sided-18-19cm-120x200cm","title":{"rendered":"Mattress Fix Pad Chic Strom single sided 18-19cm 120x200cm"},"content":{"rendered":"<p>\u00d3\u00f4\u00f1\u00fe\u00ec\u00e1 Fix Pad Chic Strom \u00ec\u00ef\u00ed\u00de\u00f2 \u00fc\u00f8\u00e7\u00f2 18-19cm 120&#215;200\u00e5\u00ea  \u00c5\u00dc\u00ed \u00f8\u00dc\u00f7\u00ed\u00e5\u00f4\u00e5 \u00dd\u00ed\u00e1 \u00f3\u00f4\u00f1\u00fe\u00ec\u00e1 \u00f0\u00ef\u00e9\u00fc\u00f4\u00e7\u00f4\u00e1\u00f2 \u00ec\u00e5 springs \u00f4\u00fc\u00f4\u00e5 \u00f4\u00ef Fix Pad \u00e5\u00df\u00ed\u00e1\u00e9 \u00e7 \u00ea\u00e1\u00eb\u00fd\u00f4\u00e5\u00f1\u00e7 \u00e5\u00f0\u00e9\u00eb\u00ef\u00e3\u00de \u00e3\u00e9\u00e1 \u00dd\u00ed\u00e1\u00ed \u00ee\u00e5\u00ea\u00ef\u00fd\u00f1\u00e1\u00f3\u00f4\u00ef \u00fd\u00f0\u00ed\u00ef. &#8211; 96 Bonel Springs \u00e1\u00ed\u00dc \u00f4\u00e5\u00f4\u00f1\u00e1\u00e3\u00f9\u00ed\u00e9\u00ea\u00fc \u00f0\u00dc\u00f7\u00ef\u00f5\u00f2 2,4 mm: \u00c5\u00df\u00ed\u00e1\u00e9 \u00f4\u00ef\u00f0\u00ef\u00e8\u00e5\u00f4\u00e7\u00ec\u00dd\u00ed\u00e1 \u00f3\u00e5 \u00f3\u00e5\u00e9\u00f1\u00dd\u00f2 \u00e5\u00ed\u00f9\u00ec\u00dd\u00ed\u00e1 \u00ec\u00e5 \u00dd\u00ed\u00e1 \u00e5\u00eb\u00e9\u00ea\u00ef\u00e5\u00e9\u00e4\u00dd\u00f2 \u00f3\u00fd\u00f1\u00ec\u00e1 \u00f0\u00dc\u00ed\u00f9 \u00ea\u00e1\u00e9 \u00ea\u00dc\u00f4\u00f9, \u00dd\u00f7\u00ef\u00ed\u00f4\u00e1\u00f2 \u00ec\u00e9\u00e1 \u00e5\u00f0\u00e9\u00f0\u00f1\u00fc\u00f3\u00e8\u00e5\u00f4\u00e7 \u00e1\u00f4\u00f3\u00dc\u00eb\u00e9\u00ed\u00e7 \u00f1\u00dc\u00e2\u00e4\u00ef \u00f3\u00f4\u00e7\u00ed \u00f0\u00e5\u00f1\u00df\u00ec\u00e5\u00f4\u00f1\u00ef \u00ea\u00e1\u00e9 \u00f3\u00f4\u00e9\u00f2 \u00e4\u00fd\u00ef \u00f0\u00eb\u00e5\u00f5\u00f1\u00dd\u00f2 \u00f0\u00ef\u00f5 \u00e5\u00ed\u00e9\u00f3\u00f7\u00fd\u00e5\u00e9 \u00f4\u00e9\u00f2 \u00dc\u00ea\u00f1\u00e5\u00f2, \u00e4\u00df\u00ed\u00ef\u00ed\u00f4\u00e1\u00f2 \u00f3\u00f4\u00e1\u00e8\u00e5\u00f1\u00fc\u00f4\u00e7\u00f4\u00e1 \u00ea\u00e1\u00e9 \u00e2\u00ef\u00e7\u00e8\u00fe\u00ed\u00f4\u00e1\u00f2 \u00f4\u00ef \u00f3\u00f4\u00f1\u00fe\u00ec\u00e1 \u00ed\u00e1 \u00ea\u00f1\u00e1\u00f4\u00dc\u00e5\u00e9 \u00f4\u00ef \u00f3\u00f7\u00de\u00ec\u00e1 \u00f4\u00ef\u00f5.- Foam: E\u00f0\u00dd\u00ed\u00e4\u00f5\u00f3\u00e7 \u00ec\u00e5 \u00e1\u00f6\u00f1\u00fe\u00e4\u00e5\u00f2 \u00f5\u00eb\u00e9\u00ea\u00fc \u00e5\u00ed\u00e9\u00f3\u00f7\u00f5\u00ec\u00dd\u00ed\u00e7\u00f2 \u00f0\u00f5\u00ea\u00ed\u00fc\u00f4\u00e7\u00f4\u00e1\u00f2 \u00e3\u00e9\u00e1 \u00f4\u00e7\u00ed \u00f0\u00e5\u00f1\u00e9\u00ec\u00e5\u00f4\u00f1\u00e9\u00ea\u00de \u00f5\u00f0\u00ef\u00f3\u00f4\u00de\u00f1\u00e9\u00ee\u00e7 \u00f4\u00ef\u00f5 \u00f3\u00f4\u00f1\u00fe\u00ec\u00e1\u00f4\u00ef\u00f2.-\u00a0\u00c5\u00f3\u00f9\u00f4\u00e5\u00f1\u00e9\u00ea\u00dc \u00f6\u00dd\u00f1\u00e5\u00e9 Feltron \u00f3\u00f5\u00ed\u00e8\u00e5\u00f4\u00e9\u00ea\u00fc,\u00a0\u00e2\u00dc\u00f4\u00e1 \u00f3\u00f5\u00ed\u00e8\u00e5\u00f4\u00e9\u00ea\u00de \u00ea\u00e1\u00e9\u00a0\u00f0\u00e5\u00f1\u00e9\u00ec\u00e5\u00f4\u00f1\u00e9\u00ea\u00dc \u00e5\u00f0\u00e5\u00ed\u00e4\u00fd\u00e5\u00f4\u00e1\u00e9 \u00ec\u00e5 \u00fd\u00f6\u00e1\u00f3\u00ec\u00e1 PLP \u00e5\u00ee\u00e1\u00e9\u00f1\u00e5\u00f4\u00e9\u00ea\u00de\u00f2 \u00e1\u00ed\u00f4\u00ef\u00f7\u00de\u00f2 \u00ea\u00e1\u00e9 \u00e1\u00ed\u00f4\u00e9\u00e2\u00e1\u00ea\u00f4\u00e7\u00f1\u00e9\u00e1\u00ea\u00fc.- \u00be\u00f8\u00ef\u00f2 \u00f3\u00f4\u00f1\u00fe\u00ec\u00e1\u00f4\u00ef\u00f2: 18-19\u00e5\u00ea- \u00d3\u00f5\u00ed\u00ef\u00eb\u00e9\u00ea\u00de \u00e4\u00e9\u00dc\u00f3\u00f4\u00e1\u00f3\u00e7: 120x200x18-19\u00e5\u00ea.- \u00cc\u00ef\u00ed\u00de\u00f2 \u00fc\u00f8\u00e7\u00f2: \u00d4\u00ef \u00f3\u00f4\u00f1\u00fe\u00ec\u00e1 \u00e5\u00df\u00ed\u00e1\u00e9 \u00ec\u00ef\u00ed\u00de\u00f2 \u00fc\u00f8\u00e7\u00f2- \u00d7\u00f1\u00fe\u00ec\u00e1: \u00cb\u00e5\u00f5\u00ea\u00fc. &#8211; \u00d3\u00eb\u00e7\u00f1\u00fc\u00f4\u00e7\u00f4\u00e1: \u00cc\u00dd\u00f4\u00f1\u00e9\u00ef 2\/5\u00d0\u00e1\u00f1\u00e1\u00f4\u00e7\u00f1\u00de\u00f3\u00e5\u00e9\u00f2:\u00d4\u00ef \u00f0\u00f1\u00ef\u00e9\u00fc\u00ed \u00f0\u00e1\u00f1\u00e1\u00e4\u00df\u00e4\u00e5\u00f4\u00e1\u00e9 \u00f3\u00f4\u00e7\u00ed \u00e5\u00f1\u00e3\u00ef\u00f3\u00f4\u00e1\u00f3\u00e9\u00e1\u00ea\u00de \u00f4\u00ef\u00f5 \u00f3\u00f5\u00f3\u00ea\u00e5\u00f5\u00e1\u00f3\u00df\u00e1.\u00c7 \u00f7\u00f1\u00f9\u00ec\u00e1\u00f4\u00e9\u00ea\u00de \u00e1\u00f0\u00fc\u00f7\u00f1\u00f9\u00f3\u00e7 \u00f4\u00ef\u00f5 \u00f0\u00f1\u00ef\u00fa\u00fc\u00ed\u00f4\u00ef\u00f2 \u00e5\u00ed\u00e4\u00dd\u00f7\u00e5\u00f4\u00e1\u00e9 \u00ed\u00e1 \u00e4\u00e9\u00e1\u00f6\u00dd\u00f1\u00e5\u00e9 \u00e5\u00eb\u00e1\u00f6\u00f1\u00fe\u00f2 \u00f3\u00e5 \u00f3\u00f7\u00dd\u00f3\u00e7 \u00ec\u00e5 \u00f4\u00e7\u00ed \u00f6\u00f9\u00f4\u00ef\u00e3\u00f1\u00e1\u00f6\u00e9\u00ea\u00de \u00e1\u00f0\u00e5\u00e9\u00ea\u00fc\u00ed\u00e9\u00f3\u00de \u00f4\u00ef\u00f5 \u00f3\u00f4\u00e7\u00ed \u00ef\u00e8\u00fc\u00ed\u00e7 \u00f3\u00e1\u00f2<\/p>\n","protected":false},"excerpt":{"rendered":"<p>Dor\u00ebzimi <\/p>\n","protected":false},"featured_media":46350,"comment_status":"closed","ping_status":"open","template":"","meta":[],"product_cat":[317,559],"product_tag":[],"class_list":{"0":"post-46349","1":"product","2":"type-product","3":"status-publish","4":"has-post-thumbnail","6":"product_cat-indoor-furniture","7":"product_cat-mattresses-support","8":"pa_matriali-color-white","9":"pa_ngjyra-k-d-no","11":"first","12":"outofstock","13":"purchasable","14":"product-type-simple","15":"col-xs-6 col-sm-4","16":"col-md-3 col-lg-3","17":"un-4-cols"},"_links":{"self":[{"href":"https:\/\/viphomecentral.com\/index.php?rest_route=\/wp\/v2\/product\/46349","targetHints":{"allow":["GET"]}}],"collection":[{"href":"https:\/\/viphomecentral.com\/index.php?rest_route=\/wp\/v2\/product"}],"about":[{"href":"https:\/\/viphomecentral.com\/index.php?rest_route=\/wp\/v2\/types\/product"}],"replies":[{"embeddable":true,"href":"https:\/\/viphomecentral.com\/index.php?rest_route=%2Fwp%2Fv2%2Fcomments&post=46349"}],"wp:featuredmedia":[{"embeddable":true,"href":"https:\/\/viphomecentral.com\/index.php?rest_route=\/wp\/v2\/media\/46350"}],"wp:attachment":[{"href":"https:\/\/viphomecentral.com\/index.php?rest_route=%2Fwp%2Fv2%2Fmedia&parent=46349"}],"wp:term":[{"taxonomy":"product_cat","embeddable":true,"href":"https:\/\/viphomecentral.com\/index.php?rest_route=%2Fwp%2Fv2%2Fproduct_cat&post=46349"},{"taxonomy":"product_tag","embeddable":true,"href":"https:\/\/viphomecentral.com\/index.php?rest_route=%2Fwp%2Fv2%2Fproduct_tag&post=46349"}],"curies":[{"name":"wp","href":"https:\/\/api.w.org\/{rel}","templated":true}]}}